11?
18
Convert 2 (base 3) to base 13.
2
Convert 51 (base 13) to base 8.
102
Convert 7 (base 9) to base 5.
12
-3 (base 15) to base 6
-3
Convert -10010 (base 2) to base 6.
-30
Convert 53 (base 9) to base 4.
300
Convert -1 (base 12) to base 6.
-1
Convert 5 (base 11) to base 9.
5
What is 76 (base 9) in base 14?
4d
What is 12 (base 6) in base 11?
8
Convert 2 (base 16) to base 13.
2
2 (base 3) to base 16
2
Convert c (base 16) to base 8.
14
What is -11 (base 11) in base 2?
-1100
What is -20 (base 5) in base 2?
-1010
What is 155 (base 10) in base 2?
10011011
1100111 (base 2) to base 15
6d
Convert 26 (base 9) to base 14.
1a
Convert 5 (base 12) to base 16.
5
Convert -11 (base 11) to base 8.
-14
What is 0 (base 11) in base 16?
0
Convert -323 (base 10) to base 3.
-102222
Convert -41 (base 11) to base 12.
-39
Convert -29 (base 12) to base 15.
-23
10 (base 2) to base 14
2
100 (base 2) to base 3
11
-1200 (base 4) to base 16
-60
3 (base 12) to base 9
3
What is 65 (base 7) in base 12?
3b
What is -1001 (base 2) in base 12?
-9
What is 3 (base 13) in base 6?
3
380 (base 9) to base 4
10323
42 (base 16) to base 9
73
What is 110 (base 2) in base 4?
12
Convert 27 (base 14) to base 13.
29
Convert -22 (base 4) to base 15.
-a
Convert -52 (base 15) to base 13.
-5c
What is -3a (base 13) in base 16?
-31
-9b (base 14) to base 5
-1022
Convert -25 (base 13) to base 16.
-1f
3 (base 12) to base 5
3
100 (base 5) to base 11
23
What is 4 (base 11) in base 3?
11
-237 (base 8) to base 11
-135
What is 141 (base 10) in base 2?
10001101
Convert -6 (base 15) to base 9.
-6
What is 2202 (base 3) in base 15?
4e
-38 (base 13) to base 12
-3b
Convert 1 (base 14) to base 7.
1
What is -26 (base 8) in base 15?
-17
Convert -3a (base 11) to base 9.
-47
What is -1110 (base 3) in base 5?
-124
What is 11 (base 4) in base 6?
5
127 (base 14) to base 13
14a
What is 112 (base 9) in base 8?
134
Convert 10110 (base 2) to base 14.
18
Convert -14 (base 13) to base 15.
-12
What is -1 (base 16) in base 2?
-1
Convert 250 (base 8) to base 14.
c0
4 (base 9) to base 14
4
What is 29 (base 13) in base 5?
120
What is -34 (base 9) in base 10?
-31
Convert 0 (base 9) to base 8.
0
What is -123 (base 6) in base 16?
-33
21200 (base 3) to base 4
3033
Convert -14 (base 11) to base 10.
-15
14 (base 15) to base 3
201
-2 (base 15) to base 6
-2
300 (base 6) to base 4
1230
What is -84 (base 11) in base 3?
-10102
-1244 (base 6) to base 14
-188
3 (base 6) to base 16
3
Convert 1124 (base 5) to base 15.
ae
Convert -3 (base 5) to base 12.
-3
3 (base 7) to base 3
10
What is 10 (base 3) in base 7?
3
54 (base 7) to base 8
47
1 (base 3) to base 11
1
Convert b6 (base 15) to base 11.
146
Convert 44 (base 14) to base 12.
50
-228 (base 13) to base 5
-2442
1 (base 16) to base 2
1
3 (base 15) to base 14
3
What is -2 (base 9) in base 2?
-10
22 (base 3) to base 10
8
233 (base 4) to base 16
2f
Convert -111 (base 2) to base 11.
-7
Convert -3 (base 15) to base 5.
-3
2210 (base 3) to base 13
5a
What is 114 (base 11) in base 6?
344
What is 3 (base 4) in base 13?
3
What is -10 (base 5) in base 13?
-5
Convert -2 (base 12) to base 4.
-2
What is 2 (base 9) in base 6?
2
Convert 2 (base 4) to base 6.
2
Convert -4 (base 5) to base 15.
-4
Convert -14a (base 12) to base 11.
-174
Convert 1 (base 15) to base 12.
1
Convert c (base 14) to base 10.
12
What is 111 (base 7) in base 12?
49
-7 (base 15) to base 13
-7
-22 (base 11) to base 3
-220
What is 112 (base 5) in base 7?
44
-d (base 16) to base 13
-10
What is 41 (base 13) in base 2?
110101
-35 (base 14) to base 11
-43
Convert 3 (base 8) to base 6.
3
Convert 2 (base 15) to base 2.
10
What is 9d (base 14) in base 8?
213
-30 (base 16) to base 5
-143
What is 3c (base 13) in base 9?
56
What is -16 (base 12) in base 10?
-18
Convert -a (base 14) to base 6.
-14
a5 (base 11) to base 10
115
Convert 1 (base 4) to base 5.
1
Convert -1 (base 5) to base 4.
-1
What is 53 (base 7) in base 8?
46
-4 (base 11) to base 16
-4
0 (base 6) to base 11
0
-2 (base 3) to base 6
-2
Convert 2 (base 4) to base 9.
2
What is 41 (base 16) in base 10?
65
What is 122 (base 9) in base 11?
92
Convert -25 (base 12) to base 6.
-45
Convert 5 (base 16) to base 5.
10
19b (base 12) to base 6
1115
What is -8 (base 16) in base 10?
-8
What is 2 (base 9) in base 16?
2
What is 5 (base 7) in base 10?
5
What is -1 (base 2) in base 14?
-1
What is -25 (base 14) in base 11?
-30
-53 (base 10) to base 7
-104
-19 (base 13) to base 3
-211
Convert 0 (base 3) to base 12.
0
1103 (base 4) to base 6
215
Convert 7b (base 13) to base 4.
1212
What is -3 (base 7) in base 5?
-3
-a3 (base 12) to base 4
-1323
Convert 0 (base 5) to base 11.
0
What is 6 (base 14) in base 7?
6
Convert -160 (base 12) to base 16.
-d8
Convert 9 (base 12) to base 10.
9
Convert 2 (base 6) to base 16.
2
What is 2 (base 8) in base 13?
2
-6 (base 16) to base 13
-6
What is -10 (base 9) in base 13?
-9
-4 (base 7) to base 3
-11
110 (base 2) to base 9
6
-3 (base 6) to base 10
-3
What is -223 (base 4) in base 2?
-101011
Convert 0 (base 13) to base 8.
0
Convert -26 (base 15) to base 14.
-28
What is -15 (base 6) in base 2?
-1011
What is 120 (base 3) in base 5?
30
What is -42 (base 5) in base 16?
-16
15 (base 7) to base 14
c
What is -25 (base 16) in base 6?
-101
What is 14 (base 7) in base 13?
b
Convert -10 (base 7) to base 13.
-7
75 (base 9) to base 12
58
What is -c (base 13) in base 11?
-11
What is -ef (base 16) in base 6?
-1035
What is 7 (base 14) in base 10?
7
1 (base 4) to base 12
1
What is 4 (base 12) in base 5?
4
-93 (base 13) to base 15
-80
Convert -11 (base 3) to base 12.
-4
Convert 23 (base 7) to base 16.
11
4 (base 16) to base 2
100
Convert -6 (base 9) to base 3.
-20
Convert -3 (base 6) to base 4.
-3
What is 12c (base 15) in base 13?
177
Convert -7 (base 10) to base 3.
-21
101 (base 3) to base 12
a
Convert d (base 16) to base 4.
31
Convert 1 (base 7) to base 14.
1
What is 234 (base 5) in base 14?
4d
What is 14 (base 12) in base 6?
24
Convert -3 (base 9) to base 15.
-3
What is 252 (base 6) in base 8?
150
-2121 (base 3) to base 13
-55
Convert -132 (base 14) to base 7.
-462
-44 (base 6) to base 16
-1c
-1001 (base 3) to base 15
-1d
229 (base 13) to base 5
2443
4 (base 5) to base 9
4
0 (base 7) to base 15
0
Convert 100001 (base 3) to base 2.
11110100
30 (base 11) to base 3
1020
420 (base 5) to base 11
a0
What is 5 (base 13) in base 15?
5
1 (base 9) to base 16
1
What is 52 (base 7) in base 9?
41
-191 (base 10) to base 8
-277
-b4 (base 13) to base 5
-1042
-2 (base 3) to base 12
-2
What is 39 (base 12) in base 9?
50
-8 (base 16) to base 4
-20
2b (base 16) to base 13
34
-15 (base 8) to base 13
-10
What is 4 (base 7) in base 13?
4
Convert -98 (base 13) to base 7.
-236
Convert -112 (base 7) to base 8.
-72
What is -100 (base 2) in base 14?
-4
What is 3 (base 15) in base 9?
3
What is 12 (base 4) in base 7?
6
What is 100 (base 3) in base 16?
9
28 (base 14) to base 2
100100
Convert -14 (base 15) to base 4.
-103
11 (base 6) to base 11
7
Convert -1 (base 2) to base 10.
-1
0 (base 13) to base 15
0
Convert -1 (base 15) to base 5.
-1
10 (base 7) to base 5
12
Convert 155 (base 10) to base 8.
233
What is 86 (base 9) in base 12?
66
Convert 69 (base 10) to base 6.
153
What is -1012 (base 3) in base 2?
-100000
What is 4 (base 10) in base 2?
100
-44 (base 15) to base 5
-224
What is -13 (base 12) in base 2?
-1111
Convert 8 (base 12) to base 4.
20
Convert 52 (base 13) to base 14.
4b
What is 1 (base 10) in base 16?
1
What is -2 (base 15) in base 11?
-2
-2 (base 4) to base 13
-2
12 (base 12) to base 10
14
What is -33 (base 6) in base 11?
-1a
What is 97 (base 10) in base 16?
61
What is -310 (base 6) in base 13?
-8a
Convert -22 (base 12) to base 4.
-122
Convert 4 (base 5) to base 7.
4
-10010 (base 2) to base 14
-14
What is 217 (base 12) in base 13?
1a8
16 (base 7) to base 6
21
-4 (base 14) to base 12
-4
What is 12 (base 3) in base 16?
5
Convert -11101 (base 3) to base 10.
-118
Convert 3 (base 14) to base 7.
3
2 (base 8) to base 4
2
Convert 0 (base 10) to base 16.
0
Convert 86 (base 11) to base 8.
136
Convert -1000 (base 2) to base 10.
-8
Convert 3 (base 11) to base 12.
3
0 (base 5) to base 2
0
47 (base 16) to base 4
1013
2320 (base 5) to base 8
517
-235 (base 8) to base 12
-111
Convert 2222 (base 3) to base 8.
120
2 (base 11) to bas